{"id":581,"date":"2025-08-10T10:33:06","date_gmt":"2025-08-10T08:33:06","guid":{"rendered":"http:\/\/krkakgt.cluster021.hosting.ovh.net\/?page_id=581"},"modified":"2025-11-21T14:21:48","modified_gmt":"2025-11-21T13:21:48","slug":"trouver-un-labellise-human-first","status":"publish","type":"page","link":"https:\/\/humanfirstlabel.com\/index.php\/trouver-un-labellise-human-first\/","title":{"rendered":"Trouver un labellis\u00e9 Human First"},"content":{"rendered":"\n<main class=\"wp-block-group is-layout-flow wp-block-group-is-layout-flow\" style=\"margin-top:0px;margin-bottom:0px\">\n<div style=\"height:19px\" aria-hidden=\"true\" class=\"wp-block-spacer\"><\/div>\n\n\n\n<div class=\"wp-block-cover alignfull\" style=\"margin-top:10px;margin-bottom:0px;padding-top:0;min-height:440px;aspect-ratio:unset;\"><img alt=\"\" loading=\"lazy\" decoding=\"async\" width=\"1024\" height=\"502\" class=\"wp-block-cover__image-background wp-image-703 size-large\" alt=\"\" src=\"https:\/\/humanfirstlabel.com\/wp-content\/uploads\/2025\/08\/patient-and-nurse-hands-large-1024x502.jpg\" style=\"object-position:59% 63%\" data-object-fit=\"cover\" data-object-position=\"59% 63%\" srcset=\"https:\/\/humanfirstlabel.com\/wp-content\/uploads\/2025\/08\/patient-and-nurse-hands-large-1024x502.jpg 1024w, https:\/\/humanfirstlabel.com\/wp-content\/uploads\/2025\/08\/patient-and-nurse-hands-large-300x147.jpg 300w, https:\/\/humanfirstlabel.com\/wp-content\/uploads\/2025\/08\/patient-and-nurse-hands-large-768x377.jpg 768w, https:\/\/humanfirstlabel.com\/wp-content\/uploads\/2025\/08\/patient-and-nurse-hands-large-1536x753.jpg 1536w, https:\/\/humanfirstlabel.com\/wp-content\/uploads\/2025\/08\/patient-and-nurse-hands-large-2048x1004.jpg 2048w\" sizes=\"auto, (max-width: 1024px) 100vw, 1024px\" \/><span aria-hidden=\"true\" class=\"wp-block-cover__background has-black-background-color has-background-dim-60 has-background-dim\"><\/span><div class=\"wp-block-cover__inner-container is-layout-flow wp-block-cover-is-layout-flow\">\n<div class=\"wp-block-group has-global-padding is-layout-constrained wp-block-group-is-layout-constrained\">\n<div class=\"wp-block-group alignfull is-layout-flow wp-container-core-group-is-layout-d3581655 wp-block-group-is-layout-flow\" style=\"padding-right:var(--wp--preset--spacing--50);padding-left:var(--wp--preset--spacing--50)\">\n<h2 class=\"wp-block-heading has-text-align-center has-banner-title-font-size\" style=\"margin-top:25px;margin-right:0px;margin-bottom:0px;margin-left:0px;padding-right:0;padding-left:0;font-style:normal;font-weight:600;line-height:1.1\">Fa\u00e7onnons ensemble l&rsquo;avenir de la Sant\u00e9 Int\u00e9grative<\/h2>\n\n\n\n<h3 class=\"wp-block-heading has-text-align-center has-large-font-size\" style=\"padding-right:var(--wp--preset--spacing--20);padding-left:var(--wp--preset--spacing--20);line-height:1.9\">Human First accompagne les acteurs de sant\u00e9 et amplifie leur efficacit\u00e9 en mettant en \u0153uvre une d\u00e9marche qualit\u00e9 personnalis\u00e9e et sur mesure qui place l&rsquo;Humain au premier plan<\/h3>\n\n\n\n<div class=\"wp-block-buttons is-content-justification-center is-layout-flex wp-container-core-buttons-is-layout-ba9ea59f wp-block-buttons-is-layout-flex\" style=\"margin-top:var(--wp--preset--spacing--60)\">\n<div class=\"wp-block-button is-style-fill\"><a class=\"wp-block-button__link has-secondary-color has-primary-background-color has-text-color has-background wp-element-button\" href=\"https:\/\/humanfirstlabel.com\/index.php\/fr\/contact\/\" style=\"padding-top:10px;padding-right:32px;padding-bottom:10px;padding-left:32px;font-style:normal;font-weight:700;letter-spacing:1px;text-transform:uppercase\">en savoir plus<\/a><\/div>\n<\/div>\n<\/div>\n<\/div>\n<\/div><\/div>\n\n\n\n<h2 class=\"wp-block-heading has-text-align-center has-heading-color has-text-color has-link-color wp-elements-12ea4d77395086565d92351dde02853a\" style=\"padding-top:0;padding-right:0;padding-bottom:0;padding-left:0\">Trouver un labellis\u00e9 Human First<\/h2>\n\n\n\n<div class=\"wp-block-interactive-geo-maps-display-map\"><div class=\"map_wrapper\" id=\"map_wrapper_580\">\n<div class=\"map_box\" style=\"max-width:2200px\">\n<div class=\"map_aspect_ratio\" style=\"padding-top:56%\" data-padding-top=\"56%\" data-padding-top-mobile=\"0%\">\n<div class=\"map_container\">\n<div class=\"map_render map_loading\" id=\"map_580\"><\/div>\n<\/div>\n<\/div>\n<\/div>\n<\/div><\/div>\n\n\n\n<div class=\"wp-block-cover has-parallax\" style=\"margin-top:50px;margin-bottom:0px;padding-top:60px;padding-right:20px;padding-bottom:75px;padding-left:20px;min-height:300px;aspect-ratio:unset;\"><div class=\"wp-block-cover__image-background wp-image-103 size-large has-parallax\" style=\"background-position:50% 50%;background-image:url(http:\/\/krkakgt.cluster021.hosting.ovh.net\/wp-content\/uploads\/2025\/05\/pexels-pavel-danilyuk-7944064-1-1024x684.jpg)\"><\/div><span aria-hidden=\"true\" class=\"wp-block-cover__background has-black-background-color has-background-dim-70 has-background-dim\"><\/span><div class=\"wp-block-cover__inner-container is-layout-flow wp-container-core-cover-is-layout-de182b0d wp-block-cover-is-layout-flow\">\n<div class=\"wp-block-group has-global-padding is-layout-constrained wp-block-group-is-layout-constrained\">\n<div class=\"wp-block-group alignwide is-layout-flow wp-block-group-is-layout-flow\">\n<div class=\"wp-block-columns is-layout-flex wp-container-core-columns-is-layout-28f84493 wp-block-columns-is-layout-flex\">\n<div class=\"wp-block-column is-layout-flow wp-container-core-column-is-layout-f5bb311e wp-block-column-is-layout-flow\">\n<div class=\"wp-block-group has-global-padding is-layout-constrained wp-container-core-group-is-layout-a7ff2edf wp-block-group-is-layout-constrained\" style=\"padding-top:25px;padding-right:25px;padding-bottom:25px;padding-left:25px\">\n<figure class=\"wp-block-image aligncenter size-full is-resized\"><img alt=\"\" loading=\"lazy\" decoding=\"async\" width=\"915\" height=\"953\" src=\"https:\/\/humanfirstlabel.com\/wp-content\/uploads\/2025\/08\/LOGO-HF-BLANC-NEUTRE-PNG-_Plan-de-travail-rogne-sans-wording.png\" alt=\"\" class=\"wp-image-706\" style=\"width:120px\" srcset=\"https:\/\/humanfirstlabel.com\/wp-content\/uploads\/2025\/08\/LOGO-HF-BLANC-NEUTRE-PNG-_Plan-de-travail-rogne-sans-wording.png 915w, https:\/\/humanfirstlabel.com\/wp-content\/uploads\/2025\/08\/LOGO-HF-BLANC-NEUTRE-PNG-_Plan-de-travail-rogne-sans-wording-288x300.png 288w, https:\/\/humanfirstlabel.com\/wp-content\/uploads\/2025\/08\/LOGO-HF-BLANC-NEUTRE-PNG-_Plan-de-travail-rogne-sans-wording-768x800.png 768w\" sizes=\"auto, (max-width: 915px) 100vw, 915px\" \/><\/figure>\n\n\n\n<h3 class=\"wp-block-heading has-text-align-center\" style=\"margin-top:var(--wp--preset--spacing--60);font-size:50px\">100 +<\/h3>\n\n\n\n<h5 class=\"wp-block-heading has-text-align-center has-small-font-size\" style=\"font-style:normal;font-weight:600;text-transform:uppercase\">Candidats engag\u00e9s dans la demarche<\/h5>\n<\/div>\n<\/div>\n\n\n\n<div class=\"wp-block-column is-layout-flow wp-container-core-column-is-layout-8a368f38 wp-block-column-is-layout-flow\">\n<div class=\"wp-block-group has-global-padding is-layout-constrained wp-container-core-group-is-layout-a7ff2edf wp-block-group-is-layout-constrained\" style=\"padding-top:25px;padding-right:25px;padding-bottom:25px;padding-left:25px\">\n<figure class=\"wp-block-image aligncenter size-full is-resized\"><img alt=\"\" loading=\"lazy\" decoding=\"async\" width=\"2470\" height=\"2560\" src=\"https:\/\/humanfirstlabel.com\/wp-content\/uploads\/2025\/08\/LOGO-BRONZE-PNG-1-scaled.png\" alt=\"\" class=\"wp-image-711\" style=\"width:120px\" srcset=\"https:\/\/humanfirstlabel.com\/wp-content\/uploads\/2025\/08\/LOGO-BRONZE-PNG-1-scaled.png 2470w, https:\/\/humanfirstlabel.com\/wp-content\/uploads\/2025\/08\/LOGO-BRONZE-PNG-1-289x300.png 289w, https:\/\/humanfirstlabel.com\/wp-content\/uploads\/2025\/08\/LOGO-BRONZE-PNG-1-988x1024.png 988w, https:\/\/humanfirstlabel.com\/wp-content\/uploads\/2025\/08\/LOGO-BRONZE-PNG-1-768x796.png 768w, https:\/\/humanfirstlabel.com\/wp-content\/uploads\/2025\/08\/LOGO-BRONZE-PNG-1-1482x1536.png 1482w, https:\/\/humanfirstlabel.com\/wp-content\/uploads\/2025\/08\/LOGO-BRONZE-PNG-1-1976x2048.png 1976w\" sizes=\"auto, (max-width: 2470px) 100vw, 2470px\" \/><\/figure>\n\n\n\n<h3 class=\"wp-block-heading has-text-align-center\" style=\"margin-top:var(--wp--preset--spacing--60);font-size:50px\">50 +<\/h3>\n\n\n\n<h5 class=\"wp-block-heading has-text-align-center has-small-font-size\" style=\"font-style:normal;font-weight:600;text-transform:uppercase\">Acteurs de sant\u00e9 labellis\u00e9s en france<\/h5>\n<\/div>\n<\/div>\n\n\n\n<div class=\"wp-block-column is-layout-flow wp-container-core-column-is-layout-8a368f38 wp-block-column-is-layout-flow\">\n<div class=\"wp-block-group has-global-padding is-layout-constrained wp-container-core-group-is-layout-a7ff2edf wp-block-group-is-layout-constrained\" style=\"padding-top:25px;padding-right:25px;padding-bottom:25px;padding-left:25px\">\n<figure class=\"wp-block-image aligncenter size-full is-resized\"><img alt=\"\" loading=\"lazy\" decoding=\"async\" width=\"2413\" height=\"2560\" src=\"https:\/\/humanfirstlabel.com\/wp-content\/uploads\/2025\/08\/LOGO-ARGENT-PNG-1-scaled.png\" alt=\"\" class=\"wp-image-712\" style=\"width:120px\" srcset=\"https:\/\/humanfirstlabel.com\/wp-content\/uploads\/2025\/08\/LOGO-ARGENT-PNG-1-scaled.png 2413w, https:\/\/humanfirstlabel.com\/wp-content\/uploads\/2025\/08\/LOGO-ARGENT-PNG-1-283x300.png 283w, https:\/\/humanfirstlabel.com\/wp-content\/uploads\/2025\/08\/LOGO-ARGENT-PNG-1-965x1024.png 965w, https:\/\/humanfirstlabel.com\/wp-content\/uploads\/2025\/08\/LOGO-ARGENT-PNG-1-768x815.png 768w, https:\/\/humanfirstlabel.com\/wp-content\/uploads\/2025\/08\/LOGO-ARGENT-PNG-1-1448x1536.png 1448w, https:\/\/humanfirstlabel.com\/wp-content\/uploads\/2025\/08\/LOGO-ARGENT-PNG-1-1930x2048.png 1930w\" sizes=\"auto, (max-width: 2413px) 100vw, 2413px\" \/><\/figure>\n\n\n\n<h3 class=\"wp-block-heading has-text-align-center\" style=\"margin-top:var(--wp--preset--spacing--60);font-size:50px\">115 +<\/h3>\n\n\n\n<h5 class=\"wp-block-heading has-text-align-center has-small-font-size\" style=\"font-style:normal;font-weight:600;text-transform:uppercase\">indicateurs \u00e9valu\u00e9s<\/h5>\n<\/div>\n<\/div>\n\n\n\n<div class=\"wp-block-column is-layout-flow wp-container-core-column-is-layout-8a368f38 wp-block-column-is-layout-flow\">\n<div class=\"wp-block-group has-global-padding is-layout-constrained wp-container-core-group-is-layout-a7ff2edf wp-block-group-is-layout-constrained\" style=\"padding-top:25px;padding-right:25px;padding-bottom:25px;padding-left:25px\">\n<figure class=\"wp-block-image aligncenter size-full is-resized\"><img alt=\"\" loading=\"lazy\" decoding=\"async\" width=\"2448\" height=\"2560\" src=\"https:\/\/humanfirstlabel.com\/wp-content\/uploads\/2025\/08\/LOGO-OR-PNG-1-scaled.png\" alt=\"\" class=\"wp-image-713\" style=\"width:120px\" srcset=\"https:\/\/humanfirstlabel.com\/wp-content\/uploads\/2025\/08\/LOGO-OR-PNG-1-scaled.png 2448w, https:\/\/humanfirstlabel.com\/wp-content\/uploads\/2025\/08\/LOGO-OR-PNG-1-287x300.png 287w, https:\/\/humanfirstlabel.com\/wp-content\/uploads\/2025\/08\/LOGO-OR-PNG-1-979x1024.png 979w, https:\/\/humanfirstlabel.com\/wp-content\/uploads\/2025\/08\/LOGO-OR-PNG-1-768x803.png 768w, https:\/\/humanfirstlabel.com\/wp-content\/uploads\/2025\/08\/LOGO-OR-PNG-1-1469x1536.png 1469w, https:\/\/humanfirstlabel.com\/wp-content\/uploads\/2025\/08\/LOGO-OR-PNG-1-1959x2048.png 1959w\" sizes=\"auto, (max-width: 2448px) 100vw, 2448px\" \/><\/figure>\n\n\n\n<h3 class=\"wp-block-heading has-text-align-center\" style=\"margin-top:var(--wp--preset--spacing--60);font-size:50px\">2 500 +<\/h3>\n\n\n\n<h5 class=\"wp-block-heading has-text-align-center has-small-font-size\" style=\"font-style:normal;font-weight:600;text-transform:uppercase\">Professionnels de sant\u00e9 impliqu\u00e9s<\/h5>\n<\/div>\n<\/div>\n<\/div>\n<\/div>\n<\/div>\n<\/div><\/div>\n\n\n<div id=\"metaslider-id-811\" style=\"width: 100%; margin: 0 auto;\" class=\"ml-slider-3-102-0 metaslider metaslider-flex metaslider-811 ml-slider has-dots-nav has-carousel-mode ms-theme-default-base\" role=\"region\" aria-label=\"Carousel R\u00e9f\u00e9rences Clients\" data-height=\"150\" data-width=\"200\">\n    <div id=\"metaslider_container_811\">\n        <div id=\"metaslider_811\">\n            <ul aria-live='off' class='slides'>\n                <li style=\"display: none; width: 100%;\" class=\"slide-819 ms-image \" aria-roledescription=\"slide\" data-date=\"2025-09-08 18:12:41\" data-slide-type=\"image\"><a href=\"https:\/\/institut-rafael.fr\/\" target=\"_blank\" aria-label=\"Institut Rafa\u00ebl\" class=\"metaslider_image_link\"><img loading=\"lazy\" decoding=\"async\" width=\"346\" height=\"136\" src=\"https:\/\/humanfirstlabel.com\/wp-content\/uploads\/2025\/08\/Logo-Rafael.webp\" class=\"slider-811 slide-819 msDefaultImage\" alt=\"Centre Europ\u00e9en de M\u00e9decine Int\u00e9grative\" rel=\"\" title=\"Institut Rafa\u00ebl Centre Europ\u00e9en de M\u00e9decine Int\u00e9grative\" style=\"margin-top: 17.846820809249%\" srcset=\"https:\/\/humanfirstlabel.com\/wp-content\/uploads\/2025\/08\/Logo-Rafael.webp 346w, https:\/\/humanfirstlabel.com\/wp-content\/uploads\/2025\/08\/Logo-Rafael-300x118.webp 300w\" sizes=\"auto, (max-width: 346px) 100vw, 346px\" \/><\/a><\/li>\n                <li style=\"display: none; width: 100%;\" class=\"slide-813 ms-image \" aria-roledescription=\"slide\" data-date=\"2025-09-08 18:12:40\" data-slide-type=\"image\"><a href=\"https:\/\/www.apothical.fr\/\" target=\"_blank\" aria-label=\"Apothical Pharmacies\" class=\"metaslider_image_link\"><img loading=\"lazy\" decoding=\"async\" width=\"151\" height=\"89\" src=\"https:\/\/humanfirstlabel.com\/wp-content\/uploads\/2025\/08\/APOTHICAL-LOGO.png\" class=\"slider-811 slide-813 msDefaultImage\" alt=\"\" rel=\"\" title=\"APOTHICAL Pharmacies\" style=\"margin-top: 8.0298013245033%\" \/><\/a><\/li>\n                <li style=\"display: none; width: 100%;\" class=\"slide-816 ms-image \" aria-roledescription=\"slide\" data-date=\"2025-09-08 18:12:40\" data-slide-type=\"image\"><a href=\"https:\/\/www.ehpad-jeanmenu.fr\/association-mavie-douai\/\" target=\"_blank\" aria-label=\"ehpad MaVie ehpad Jean Menu ehpad Les Logis Douaisiens\" class=\"metaslider_image_link\"><img loading=\"lazy\" decoding=\"async\" width=\"593\" height=\"597\" src=\"https:\/\/humanfirstlabel.com\/wp-content\/uploads\/2025\/08\/LOGO-MAVIE.png\" class=\"slider-811 slide-816 msDefaultImage\" alt=\"\" rel=\"\" title=\"MaVie Ehpad\" style=\"margin: 0 auto; width: 74.497487437186%\" srcset=\"https:\/\/humanfirstlabel.com\/wp-content\/uploads\/2025\/08\/LOGO-MAVIE.png 593w, https:\/\/humanfirstlabel.com\/wp-content\/uploads\/2025\/08\/LOGO-MAVIE-298x300.png 298w, https:\/\/humanfirstlabel.com\/wp-content\/uploads\/2025\/08\/LOGO-MAVIE-150x150.png 150w, https:\/\/humanfirstlabel.com\/wp-content\/uploads\/2025\/08\/LOGO-MAVIE-200x200.png 200w\" sizes=\"auto, (max-width: 593px) 100vw, 593px\" \/><\/a><\/li>\n                <li style=\"display: none; width: 100%;\" class=\"slide-815 ms-image \" aria-roledescription=\"slide\" data-date=\"2025-09-08 18:12:40\" data-slide-type=\"image\"><a href=\"https:\/\/www.abrapa.asso.fr\/\" target=\"_blank\" aria-label=\"aide et service \u00e0 la personne ehpad abrapa\" class=\"metaslider_image_link\"><img loading=\"lazy\" decoding=\"async\" width=\"145\" height=\"89\" src=\"https:\/\/humanfirstlabel.com\/wp-content\/uploads\/2025\/08\/ABRAPA-LOGO.jpg\" class=\"slider-811 slide-815 msDefaultImage\" alt=\"\" rel=\"\" title=\"ABRAPA Ehpad\" style=\"margin-top: 6.8103448275862%\" \/><\/a><\/li>\n                <li style=\"display: none; width: 100%;\" class=\"slide-814 ms-image \" aria-roledescription=\"slide\" data-date=\"2025-09-08 18:12:40\" data-slide-type=\"image\"><a href=\"https:\/\/www.orosante.fr\/\" target=\"_blank\" aria-label=\"dentiste orosant\u00e9\" class=\"metaslider_image_link\"><img loading=\"lazy\" decoding=\"async\" width=\"1632\" height=\"884\" src=\"https:\/\/humanfirstlabel.com\/wp-content\/uploads\/2025\/08\/OROSANTE.png\" class=\"slider-811 slide-814 msDefaultImage\" alt=\"\" rel=\"\" title=\"OROSANTE Dentisterie\" style=\"margin-top: 10.416666666667%\" srcset=\"https:\/\/humanfirstlabel.com\/wp-content\/uploads\/2025\/08\/OROSANTE.png 1632w, https:\/\/humanfirstlabel.com\/wp-content\/uploads\/2025\/08\/OROSANTE-300x163.png 300w, https:\/\/humanfirstlabel.com\/wp-content\/uploads\/2025\/08\/OROSANTE-1024x555.png 1024w, https:\/\/humanfirstlabel.com\/wp-content\/uploads\/2025\/08\/OROSANTE-768x416.png 768w, https:\/\/humanfirstlabel.com\/wp-content\/uploads\/2025\/08\/OROSANTE-1536x832.png 1536w\" sizes=\"auto, (max-width: 1632px) 100vw, 1632px\" \/><\/a><\/li>\n                <li style=\"display: none; width: 100%;\" class=\"slide-817 ms-image \" aria-roledescription=\"slide\" data-date=\"2025-09-08 18:12:40\" data-slide-type=\"image\"><a href=\"https:\/\/www.centre-ressource-montelimar.org\/\" target=\"_blank\" aria-label=\"Centre Ressource Mont\u00e9limar\" class=\"metaslider_image_link\"><img loading=\"lazy\" decoding=\"async\" width=\"542\" height=\"98\" src=\"https:\/\/humanfirstlabel.com\/wp-content\/uploads\/2025\/08\/logo-centre-ressource-retina.png\" class=\"slider-811 slide-817 msDefaultImage\" alt=\"\" rel=\"\" title=\"Centre Ressource MONTELIMAR\" style=\"margin-top: 28.459409594096%\" srcset=\"https:\/\/humanfirstlabel.com\/wp-content\/uploads\/2025\/08\/logo-centre-ressource-retina.png 542w, https:\/\/humanfirstlabel.com\/wp-content\/uploads\/2025\/08\/logo-centre-ressource-retina-300x54.png 300w\" sizes=\"auto, (max-width: 542px) 100vw, 542px\" \/><\/a><\/li>\n                <li style=\"display: none; width: 100%;\" class=\"slide-818 ms-image \" aria-roledescription=\"slide\" data-date=\"2025-09-08 18:12:40\" data-slide-type=\"image\"><a href=\"https:\/\/www.centre-ressource-lyon.org\/\" target=\"_blank\" aria-label=\"Centre Resssource Lyon\" class=\"metaslider_image_link\"><img loading=\"lazy\" decoding=\"async\" width=\"271\" height=\"49\" src=\"https:\/\/humanfirstlabel.com\/wp-content\/uploads\/2025\/08\/logo-centre-ressource-LYON.png\" class=\"slider-811 slide-818 msDefaultImage\" alt=\"\" rel=\"\" title=\"Centre Ressource LYON\" style=\"margin-top: 28.459409594096%\" \/><\/a><\/li>\n                <li style=\"display: none; width: 100%;\" class=\"slide-812 ms-image \" aria-roledescription=\"slide\" data-date=\"2025-09-08 18:12:40\" data-slide-type=\"image\"><a href=\"https:\/\/www.fondation-hopale.org\/\" target=\"_blank\" aria-label=\"Fondation Hopale h\u00f4pitaux cliniques chirurgie SMR\" class=\"metaslider_image_link\"><img loading=\"lazy\" decoding=\"async\" width=\"470\" height=\"201\" src=\"https:\/\/humanfirstlabel.com\/wp-content\/uploads\/2025\/08\/FONDATION-HOPALE.png\" class=\"slider-811 slide-812 msDefaultImage\" alt=\"\" rel=\"\" title=\"FONDATION HOPALE Hopitaux &amp; Cliniques\" style=\"margin-top: 16.117021276596%\" srcset=\"https:\/\/humanfirstlabel.com\/wp-content\/uploads\/2025\/08\/FONDATION-HOPALE.png 470w, https:\/\/humanfirstlabel.com\/wp-content\/uploads\/2025\/08\/FONDATION-HOPALE-300x128.png 300w\" sizes=\"auto, (max-width: 470px) 100vw, 470px\" \/><\/a><\/li>\n                <li style=\"display: none; width: 100%;\" class=\"slide-1019 ms-image \" aria-roledescription=\"slide\" data-date=\"2025-09-19 16:32:32\" data-slide-type=\"image\"><a href=\"https:\/\/www.pharmacie-cantonale.fr\/\" target=\"_blank\" aria-label=\"Pharmacie Cantonale\" class=\"metaslider_image_link\"><img loading=\"lazy\" decoding=\"async\" width=\"2560\" height=\"961\" src=\"https:\/\/humanfirstlabel.com\/wp-content\/uploads\/2025\/09\/pharmacie-Cantonale-scaled.png\" class=\"slider-811 slide-1019 msDefaultImage\" alt=\"Giropharm\" rel=\"\" title=\"Pharmacie Cantonale\" style=\"margin-top: 18.73046875%\" srcset=\"https:\/\/humanfirstlabel.com\/wp-content\/uploads\/2025\/09\/pharmacie-Cantonale-scaled.png 2560w, https:\/\/humanfirstlabel.com\/wp-content\/uploads\/2025\/09\/pharmacie-Cantonale-300x113.png 300w, https:\/\/humanfirstlabel.com\/wp-content\/uploads\/2025\/09\/pharmacie-Cantonale-1024x385.png 1024w, https:\/\/humanfirstlabel.com\/wp-content\/uploads\/2025\/09\/pharmacie-Cantonale-768x288.png 768w, https:\/\/humanfirstlabel.com\/wp-content\/uploads\/2025\/09\/pharmacie-Cantonale-1536x577.png 1536w, https:\/\/humanfirstlabel.com\/wp-content\/uploads\/2025\/09\/pharmacie-Cantonale-2048x769.png 2048w\" sizes=\"auto, (max-width: 2560px) 100vw, 2560px\" \/><\/a><\/li>\n            <\/ul>\n        <\/div>\n        \n    <\/div>\n<\/div>\n<\/main>\n","protected":false},"excerpt":{"rendered":"<p>Trouver un labellis\u00e9 Human First<\/p>\n","protected":false},"author":1,"featured_media":0,"parent":0,"menu_order":0,"comment_status":"closed","ping_status":"closed","template":"wp-custom-template-2025-11-17-nouvel-accueil-fr","meta":{"_seopress_robots_primary_cat":"","_seopress_titles_title":"Localisez les acteurs de sante labellises Human First","_seopress_titles_desc":"Localisez les acteurs de sant\u00e9 labellis\u00e9s Human First sur votre territoire : dentiste, pharmacie, ehpad, hopital, clinique, centre de soins int\u00e9gratifs ou cpts","_seopress_robots_index":"","footnotes":""},"class_list":["post-581","page","type-page","status-publish","hentry"],"_links":{"self":[{"href":"https:\/\/humanfirstlabel.com\/index.php\/wp-json\/wp\/v2\/pages\/581","targetHints":{"allow":["GET"]}}],"collection":[{"href":"https:\/\/humanfirstlabel.com\/index.php\/wp-json\/wp\/v2\/pages"}],"about":[{"href":"https:\/\/humanfirstlabel.com\/index.php\/wp-json\/wp\/v2\/types\/page"}],"author":[{"embeddable":true,"href":"https:\/\/humanfirstlabel.com\/index.php\/wp-json\/wp\/v2\/users\/1"}],"replies":[{"embeddable":true,"href":"https:\/\/humanfirstlabel.com\/index.php\/wp-json\/wp\/v2\/comments?post=581"}],"version-history":[{"count":22,"href":"https:\/\/humanfirstlabel.com\/index.php\/wp-json\/wp\/v2\/pages\/581\/revisions"}],"predecessor-version":[{"id":1214,"href":"https:\/\/humanfirstlabel.com\/index.php\/wp-json\/wp\/v2\/pages\/581\/revisions\/1214"}],"wp:attachment":[{"href":"https:\/\/humanfirstlabel.com\/index.php\/wp-json\/wp\/v2\/media?parent=581"}],"curies":[{"name":"wp","href":"https:\/\/api.w.org\/{rel}","templated":true}]}}